emainder when y is divided by w?
11
Let g(i) = 29*i**2 - 4*i + 7. Calculate the remainder when 655 is divided by g(1).
15
Suppose -1 + 3 = 2*x, -4*a = x - 33. Suppose -4*u + a*u - 4*t = -36, 4*t = -4*u - 36. What is the remainder when u/15 - (-196)/10 is divided by 11?
8
Let r be (-13)/26*2*-1. Let z(k) = -5*k - 6 + 3 + r. What is the remainder when 32 is divided by z(-3)?
6
Suppose 271*r - 515776 = 1305073. What is the remainder when r is divided by 56?
55
Let c(m) = -m**3 + 20*m**2 - 17*m - 23. Suppose 2*b = -0*b + 264. Suppose 3*t + b = 6*t. Calculate the remainder when t is divided by c(19).
14
Let n be (7 + (-26)/4)*(0 + -362). Let b = -173 - n. Calculate the remainder when 30 is divided by b.
6
Let g = 192 - -300. Suppose p + 3*p = 4*j - g, -3*j = 4*p - 404. What is the remainder when j is divided by 35?
23
Let z(y) = -y**2 - 217*y - 9823. Let b = 7 + 3. What is the remainder when z(-144) is divided by b?
9
Let w(x) = 11*x**2 - 321*x - 1884. What is the remainder when w(-6) is divided by 224?
214
Suppose 0 = 3*m - 3*a - 14643, 82*a + 24398 = 5*m + 78*a. Calculate the remainder when m is divided by 92.
90
Suppose 323*o = 331*o - 3080. Calculate the remainder when o is divided by 23.
17
Suppose 2*c - 72 = -5*z + 41, -4*z = -3*c - 95. Suppose 2*d - 20*k + z*k - 60 = 0, 3*d - k = 79. What is the remainder when 268 is divided by d?
25
Suppose -w - r + 7 + 40 = 0, 0 = -3*w - 5*r + 149. Let n be 1380/(-25) + (-12)/15. What is the remainder when w is divided by (2 - n/(-10))/((-45)/150)?
7
Let v = 7683 - 7656. What is the remainder when 239 is divided by v?
23
Let b(g) = 24*g**2 - 57*g + 44. Calculate the remainder when b(-4) is divided by 121.
51
Let z(o) = -o**2 + 97*o + 2089. What is the remainder when z(103) is divided by 18?
13
Let d be -3*1*-2*(-62)/(-12). Suppose d - 223 = 4*r. Calculate the remainder when 55 is divided by (-2 - r/21) + 188/28.
6
Let r(t) = 17*t**2 - 202*t - 6. What is the remainder when 498*((-63)/14)/(-9) is divided by r(12)?
15
Let p(q) = -q**3 + 2*q - 1. Let y be p(-2). Suppose -5*o - 12 = -2*n, y*o = 4*n - n. What is the remainder when 2 + n + 6 + 41 is divided by 23?
22
Let d be 18 + 7/49 + 60/21. Suppose 2*u - 3*i = 28, d*u - 68 = 17*u + 3*i. What is the remainder when 71 is divided by u?
11
Suppose 6*g + 2*y = g + 757, 3*y + 12 = 0. Suppose 2*b + b - g = 0. Let c = 929 + -902. Calculate the remainder when b is divided by c.
24
Suppose -3*o - 2*j + 4 = -0*j, -3*o - 3*j = 0. Suppose 699 = 3*a + o*i - i, -i = -4*a + 917. What is the remainder when a is divided by 33?
32
Suppose 5*k - 2*i = -8 + 43, 5*k + 3*i = 10. Let s(z) = z**3 - 6*z**2 + 6*z + 1. What is the remainder when s(k) is divided by (-7)/14 - (-11)/2?
1
Let f = 5456 - 5428. What is the remainder when 276 is divided by f?
24
Suppose -4*c + 5872 = v - 129, 5*c + 5*v = 7490. Calculate the remainder when c is divided by 4.
1
Calculate the remainder when (-2 - ((-21)/(-18) - 3))*-3882 is divided by 162.
161
Let i(c) = -34*c - 1393. Let z(m) = 2*m**2 + 12*m + 2. What is the remainder when z(-10) is divided by i(-42)?
12
Let x(k) = k**3 + 38*k**2 - 25*k + 628. Calculate the remainder when 147 is divided by x(-39).
65
Suppose 2*o = -2*d + 112 - 40, 0 = -o - 5. What is the remainder when 320 is divided by d?
33
Suppose 0 = 2*y + 5*t + 1, -t + 0*t + 25 = 4*y. Let a(j) = 13*j**2 - 21*j**2 + y*j**2 + 3*j + 8*j. What is the remainder when a(6) is divided by 9?
3
Let a be (2 - 4)/((-46)/(-8027)). Let v = a + 352. What is the remainder when 11 is divided by v?
2
Suppose 3*i - 10 = 2. Let u = i - -6. What is the remainder when 24 is divided by 845/(-26)*(-4)/u?
11
Let k(j) = -170*j + 5751. Calculate the remainder when k(-63) is divided by 12.
9
Let x = -428 + 429. Let n(p) = p - 2. Let i be n(5). What is the remainder when 5 is divided by -1 - (x - i) - -3?
1
Let h be -2 + 12*(5 + (-68)/12). Calculate the remainder when 159 is divided by 5/h*14 - -62.
49
What is the remainder when (-8)/((((-136)/1648)/(-17)*-1)/1) is divided by 15?
13
Let k(g) = 84*g + 137. What is the remainder when 1100 is divided by k(1)?
216
Suppose n = -4*n - 2*w + 215, -2*n = 6*w - 112. Let g = -17 - -22. Suppose 8 = 3*z - 5*q, -2*z + g*q - 80 = -7*z. What is the remainder when n is divided by z?
8
Suppose 395*g = 391*g + 164. Suppose 340*t - g = 339*t. What is the remainder when 121 is divided by t?
39
Suppose 0*a = 5*r - 3*a - 18, 0 = -r - 4*a + 22. What is the remainder when 477 is divided by 4 - (8/r - (-4256)/(-114))?
37
Suppose -280 = -36*y + 14*y - 13*y. Calculate the remainder when 10 is divided by y.
2
Let r(m) = m**3 - 4*m**2 + 15*m - 75. Suppose 4*s - 97 = -3*j + 490, -5*j + 3*s = -988. What is the remainder when j is divided by r(5)?
22
Let a = -3132 - -4517. What is the remainder when a is divided by 22?
21
Suppose -4*o - 34 = 5*h, 14*o - 9*o + 5*h + 40 = 0. Let g be 9/o - (-3)/((-6)/49). Let v = g - -33. Calculate the remainder when 32 is divided by v.
4
What is the remainder when 1196 is divided by (294 + -289)/(2/70)?
146
What is the remainder when 10586 is divided by 6*(54/(-9))/(-6) + 9?
11
Let l(h) = 8*h - 51. Let g be l(7). Let q(p) be the third derivative of p**4/8 + p**3/3 - 2*p**2. What is the remainder when 31 is divided by q(g)?
14
Suppose u + 3*v - 15 = 0, -2*u + 12 = 4*v - 28. Let j(w) = 3*w**3 + w**2 - 2*w - 6. What is the remainder when u is divided by j(2)?
12
Suppose 0 = -0*r - 4*r + 88. Suppose -156*i + 87*i = -2760. What is the remainder when i is divided by r?
18
Calculate the remainder when 314 - 24/(-28)*21 is divided by 101.
29
Suppose -19 - 14 = -3*n + 4*y, -2*n + y + 32 = 0. Calculate the remainder when 134 is divided by n.
1
Calculate the remainder when 238 is divided by 1*102 - (-4 + -20 - -18).
22
Suppose -y - 75 = -0*y. Let m = -28 - y. Let i(c) = -3*c + 2. What is the remainder when m is divided by i(-2)?
7
Let d = 28 + 21. Let w(k) = -3*k**3 + 26*k**2 + 10*k - 197. What is the remainder when d is divided by w(8)?
5
Suppose 72 = -442*o + 446*o. Suppose 15*k - o = 14*k. Suppose 32 = -0*r + r. Calculate the remainder when r is divided by k.
14
Let k be 2/31 + 7587/(-837). Let z(x) = 2*x**2 + 16*x - 1. Calculate the remainder when 67 is divided by z(k).
16
Let v(i) = 82*i**2 + 13*i + 20. Let z be v(-2). Let u = z - 276. What is the remainder when u is divided by 24?
22
Let j(z) = 128*z - 3037. What is the remainder when j(24) is divided by 12?
11
Let q be (-265)/(-10) + 2/4. Suppose 0 = o + q - 29. Calculate the remainder when 12 is divided by o.
0
Let x(r) = -2*r**2 + 183*r - 255. What is the remainder when 294 is divided by x(90)?
9
Let n(o) be the third derivative of 1/12*o**4 - 1/3*o**3 + 0*o + 3*o**2 + 0. What is the remainder when 21 is divided by n(4)?
3
Let j = 53 + -52. Let h be ((-28)/(-6) - 5)/(j/(-24)). Suppose -162 = 3*a - h*a - 3*n, -42 = -a - 3*n. What is the remainder when 116 is divided by a?
26
Suppose -5*t = -4*b + b + 1128, -4*t + 1843 = 5*b. Calculate the remainder when b is divided by 62.
61
Suppose 3*l = 4*u + 105, -3*l + 31*u - 35*u = -81. Let q = 317 + -267. Calculate the remainder when q is divided by l.
19
Let x(c) = c + 6. Let m(l) = -l**2 + 2*l - 1. Let q be m(3). Let t = 1179792 + -1179790. What is the remainder when t is divided by x(q)?
0
Suppose -18*t = -34 - 56. Let p = 63 - t. Calculate the remainder when p is divided by 23.
12
Suppose -5*k = -7*k + 6. Suppose 4*g - 9 = k*n, -g = -2*n - n - 9. Suppose -4*f + 673 - 229 = g. Calculate the remainder when f is divided by 19.
16
Suppose -116 = -4*z + a, -21*a = z - 22*a - 26. Calculate the remainder when 859 is divided by z.
19
Suppose 20*g - 97 = 23. What is the remainder when 9152/264*(-6)/(-4) is divided by g?
4
What is the remainder when 779 is divided by -14 + 32 - (-2 - 3 - 0)?
20
Suppose 5*c + 48 - 158 = 0. Let x(t) = t**3 + t**2 + 3*t + 24. Let o be x(-3). Let q(j) = 13*j**2 - 5*j - 2. Calculate the remainder when q(o) is divided by c.
20
Suppose -2*l + l - 5 = 0. Calculate the remainder when 2/l - 5184/(-160) is divided by 5.
2
Suppose -5*s + 3*x + 20 = -45, 0 = 2*s - 4*x - 40. Suppose 0*z = 5*z + s, b - 61 = -5*z. What is the remainder when b is divided by (6 + -21)/(-15) - -24?
21
Let d be (-32 - (3 + 0)) + 2. Let x be 9/(9/(-4))*34/(-4). Let y = d + x. What is t